{"id":387,"date":"2024-04-03T16:59:01","date_gmt":"2024-04-03T14:59:01","guid":{"rendered":"https:\/\/yogabrielle.fr\/?page_id=387"},"modified":"2024-04-12T10:49:49","modified_gmt":"2024-04-12T08:49:49","slug":"mentions-legales-yoga-gabrielle-brousse-ploermel","status":"publish","type":"page","link":"https:\/\/yogabrielle.fr\/index.php\/mentions-legales-yoga-gabrielle-brousse-ploermel\/","title":{"rendered":"Mentions l\u00e9gales"},"content":{"rendered":"\t\t<div data-elementor-type=\"wp-page\" data-elementor-id=\"387\" class=\"elementor elementor-387\" data-elementor-post-type=\"page\">\n\t\t\t\t<div class=\"elementor-element elementor-element-143290f e-con-full e-flex e-con e-parent\" data-id=\"143290f\" data-element_type=\"container\" data-e-type=\"container\">\n\t\t<div class=\"elementor-element elementor-element-4d226a7 e-con-full e-flex e-con e-child\" data-id=\"4d226a7\" data-element_type=\"container\" data-e-type=\"container\">\n\t\t\t\t<div class=\"elementor-element elementor-element-cb5c7ab elementor-widget elementor-widget-heading\" data-id=\"cb5c7ab\" data-element_type=\"widget\" data-e-type=\"widget\" data-widget_type=\"heading.default\">\n\t\t\t\t<div class=\"elementor-widget-container\">\n\t\t\t\t\t<h1 class=\"elementor-heading-title elementor-size-default\">Mentions l\u00e9gales<\/h1>\t\t\t\t<\/div>\n\t\t\t\t<\/div>\n\t\t\t\t<div class=\"elementor-element elementor-element-78153d4 elementor-widget elementor-widget-text-editor\" data-id=\"78153d4\" data-element_type=\"widget\" data-e-type=\"widget\" data-widget_type=\"text-editor.default\">\n\t\t\t\t<div class=\"elementor-widget-container\">\n\t\t\t\t\t\t\t\t\t<p>Le site web <a href=\"http:\/\/www.yogabrielle.fr\/\" target=\"_new\">www.yogabrielle.fr<\/a> est \u00e9dit\u00e9 par Gabrielle Brousse<br \/>dont l&#8217;entreprise r\u00e9side \u00e0 l&#8217;adresse suivante : 16 La Ch\u00e2taigneraie, 56800 Taupont, France<\/p>\t\t\t\t\t\t\t\t<\/div>\n\t\t\t\t<\/div>\n\t\t\t\t<div class=\"elementor-element elementor-element-d730dfc elementor-widget elementor-widget-text-editor\" data-id=\"d730dfc\" data-element_type=\"widget\" data-e-type=\"widget\" data-widget_type=\"text-editor.default\">\n\t\t\t\t<div class=\"elementor-widget-container\">\n\t\t\t\t\t\t\t\t\t<p>Num\u00e9ro de t\u00e9l\u00e9phone : 06 10 48 65 11<br \/>Adresse e-mail : gabrielle.brousse@orange.fr<\/p>\t\t\t\t\t\t\t\t<\/div>\n\t\t\t\t<\/div>\n\t\t\t\t<div class=\"elementor-element elementor-element-4e59ed1 elementor-widget elementor-widget-text-editor\" data-id=\"4e59ed1\" data-element_type=\"widget\" data-e-type=\"widget\" data-widget_type=\"text-editor.default\">\n\t\t\t\t<div class=\"elementor-widget-container\">\n\t\t\t\t\t\t\t\t\t<p>Le directeur de la publication du site web <a href=\"http:\/\/www.yogabrielle.fr\/\" target=\"_new\">www.yogabrielle.fr<\/a> est Gabrielle Brousse.<\/p>\t\t\t\t\t\t\t\t<\/div>\n\t\t\t\t<\/div>\n\t\t\t\t<div class=\"elementor-element elementor-element-fa721e0 elementor-widget elementor-widget-text-editor\" data-id=\"fa721e0\" data-element_type=\"widget\" data-e-type=\"widget\" data-widget_type=\"text-editor.default\">\n\t\t\t\t<div class=\"elementor-widget-container\">\n\t\t\t\t\t\t\t\t\t<p>Le site web <a href=\"http:\/\/www.yogabrielle.fr\/\" target=\"_new\">www.yogabrielle.fr<\/a> est h\u00e9berg\u00e9 par Hostinger.<\/p>\t\t\t\t\t\t\t\t<\/div>\n\t\t\t\t<\/div>\n\t\t\t\t<div class=\"elementor-element elementor-element-a4d229d elementor-widget elementor-widget-text-editor\" data-id=\"a4d229d\" data-element_type=\"widget\" data-e-type=\"widget\" data-widget_type=\"text-editor.default\">\n\t\t\t\t<div class=\"elementor-widget-container\">\n\t\t\t\t\t\t\t\t\t<p>Conception et d\u00e9veloppement du site web r\u00e9alis\u00e9 par <a href=\"https:\/\/harmoniedesign.fr\/\" target=\"_blank\" rel=\"noopener\">Harmonie Design<\/a>.<\/p>\t\t\t\t\t\t\t\t<\/div>\n\t\t\t\t<\/div>\n\t\t\t\t<div class=\"elementor-element elementor-element-d74b953 elementor-widget elementor-widget-text-editor\" data-id=\"d74b953\" data-element_type=\"widget\" data-e-type=\"widget\" data-widget_type=\"text-editor.default\">\n\t\t\t\t<div class=\"elementor-widget-container\">\n\t\t\t\t\t\t\t\t\t<p>Le site\u00a0 <a href=\"http:\/\/www.yogabrielle.fr\/\" target=\"_new\">www.yogabrielle.fr<\/a>\u00a0peut \u00eatre amen\u00e9 \u00e0 vous demander l\u2019acceptation des cookies pour des besoins de statistiques et d&#8217;affichage.<br \/>Un cookie est une information d\u00e9pos\u00e9e sur votre disque dur par le serveur du site que vous visitez.<br \/>Il contient plusieurs donn\u00e9es qui sont stock\u00e9es sur votre ordinateur dans un simple fichier texte auquel un serveur acc\u00e8de pour lire et enregistrer des informations.<br \/>Certaines parties de ce site ne peuvent \u00eatre fonctionnelles sans l\u2019acceptation de cookies.<\/p>\t\t\t\t\t\t\t\t<\/div>\n\t\t\t\t<\/div>\n\t\t\t\t<\/div>\n\t\t\t\t<\/div>\n\t\t\t\t<\/div>\n\t\t","protected":false},"excerpt":{"rendered":"<p>Mentions l\u00e9gales Le site web www.yogabrielle.fr est \u00e9dit\u00e9 par Gabrielle Broussedont l&#8217;entreprise r\u00e9side \u00e0 l&#8217;adresse suivante : 16 La Ch\u00e2taigneraie, 56800 Taupont, France Num\u00e9ro de t\u00e9l\u00e9phone : 06 10 48 65 11Adresse e-mail : gabrielle.brousse@orange.fr Le directeur de la publication du site web www.yogabrielle.fr est Gabrielle Brousse. Le site web www.yogabrielle.fr est h\u00e9berg\u00e9 par Hostinger. [&hellip;]<\/p>\n","protected":false},"author":2,"featured_media":1054,"parent":0,"menu_order":0,"comment_status":"closed","ping_status":"closed","template":"elementor_header_footer","meta":{"footnotes":""},"class_list":["post-387","page","type-page","status-publish","has-post-thumbnail","hentry"],"yoast_head":"<!-- This site is optimized with the Yoast SEO plugin v27.5 - https:\/\/yoast.com\/product\/yoast-seo-wordpress\/ -->\n<title>Mentions l\u00e9gales - yogabrielle.fr<\/title>\n<meta name=\"description\" content=\"D\u00e9couvrez les informations l\u00e9gales concernant le site web de Gabrielle Brousse, professeur de yoga \u00e0 Plo\u00ebrmel.\" \/>\n<meta name=\"robots\" content=\"index, follow, max-snippet:-1, max-image-preview:large, max-video-preview:-1\" \/>\n<link rel=\"canonical\" href=\"https:\/\/yogabrielle.fr\/index.php\/mentions-legales-yoga-gabrielle-brousse-ploermel\/\" \/>\n<meta property=\"og:locale\" content=\"en_US\" \/>\n<meta property=\"og:type\" content=\"article\" \/>\n<meta property=\"og:title\" content=\"Mentions l\u00e9gales - yogabrielle.fr\" \/>\n<meta property=\"og:description\" content=\"D\u00e9couvrez les informations l\u00e9gales concernant le site web de Gabrielle Brousse, professeur de yoga \u00e0 Plo\u00ebrmel.\" \/>\n<meta property=\"og:url\" content=\"https:\/\/yogabrielle.fr\/index.php\/mentions-legales-yoga-gabrielle-brousse-ploermel\/\" \/>\n<meta property=\"og:site_name\" content=\"yogabrielle.fr\" \/>\n<meta property=\"article:modified_time\" content=\"2024-04-12T08:49:49+00:00\" \/>\n<meta property=\"og:image\" content=\"https:\/\/yogabrielle.fr\/wp-content\/uploads\/2024\/04\/yoga-img-header.jpg\" \/>\n\t<meta property=\"og:image:width\" content=\"1920\" \/>\n\t<meta property=\"og:image:height\" content=\"1080\" \/>\n\t<meta property=\"og:image:type\" content=\"image\/jpeg\" \/>\n<meta name=\"twitter:card\" content=\"summary_large_image\" \/>\n<meta name=\"twitter:label1\" content=\"Est. reading time\" \/>\n\t<meta name=\"twitter:data1\" content=\"1 minute\" \/>\n<script type=\"application\/ld+json\" class=\"yoast-schema-graph\">{\"@context\":\"https:\\\/\\\/schema.org\",\"@graph\":[{\"@type\":\"WebPage\",\"@id\":\"https:\\\/\\\/yogabrielle.fr\\\/index.php\\\/mentions-legales-yoga-gabrielle-brousse-ploermel\\\/\",\"url\":\"https:\\\/\\\/yogabrielle.fr\\\/index.php\\\/mentions-legales-yoga-gabrielle-brousse-ploermel\\\/\",\"name\":\"Mentions l\u00e9gales - yogabrielle.fr\",\"isPartOf\":{\"@id\":\"https:\\\/\\\/yogabrielle.fr\\\/#website\"},\"primaryImageOfPage\":{\"@id\":\"https:\\\/\\\/yogabrielle.fr\\\/index.php\\\/mentions-legales-yoga-gabrielle-brousse-ploermel\\\/#primaryimage\"},\"image\":{\"@id\":\"https:\\\/\\\/yogabrielle.fr\\\/index.php\\\/mentions-legales-yoga-gabrielle-brousse-ploermel\\\/#primaryimage\"},\"thumbnailUrl\":\"https:\\\/\\\/yogabrielle.fr\\\/wp-content\\\/uploads\\\/2024\\\/04\\\/Logo-yoga-violet-bon.svg\",\"datePublished\":\"2024-04-03T14:59:01+00:00\",\"dateModified\":\"2024-04-12T08:49:49+00:00\",\"description\":\"D\u00e9couvrez les informations l\u00e9gales concernant le site web de Gabrielle Brousse, professeur de yoga \u00e0 Plo\u00ebrmel.\",\"breadcrumb\":{\"@id\":\"https:\\\/\\\/yogabrielle.fr\\\/index.php\\\/mentions-legales-yoga-gabrielle-brousse-ploermel\\\/#breadcrumb\"},\"inLanguage\":\"en-US\",\"potentialAction\":[{\"@type\":\"ReadAction\",\"target\":[\"https:\\\/\\\/yogabrielle.fr\\\/index.php\\\/mentions-legales-yoga-gabrielle-brousse-ploermel\\\/\"]}]},{\"@type\":\"ImageObject\",\"inLanguage\":\"en-US\",\"@id\":\"https:\\\/\\\/yogabrielle.fr\\\/index.php\\\/mentions-legales-yoga-gabrielle-brousse-ploermel\\\/#primaryimage\",\"url\":\"https:\\\/\\\/yogabrielle.fr\\\/wp-content\\\/uploads\\\/2024\\\/04\\\/Logo-yoga-violet-bon.svg\",\"contentUrl\":\"https:\\\/\\\/yogabrielle.fr\\\/wp-content\\\/uploads\\\/2024\\\/04\\\/Logo-yoga-violet-bon.svg\",\"width\":435,\"height\":271,\"caption\":\"Logo violet d'une silhouette de femme faisant du yoga.\"},{\"@type\":\"BreadcrumbList\",\"@id\":\"https:\\\/\\\/yogabrielle.fr\\\/index.php\\\/mentions-legales-yoga-gabrielle-brousse-ploermel\\\/#breadcrumb\",\"itemListElement\":[{\"@type\":\"ListItem\",\"position\":1,\"name\":\"Accueil\",\"item\":\"https:\\\/\\\/yogabrielle.fr\\\/\"},{\"@type\":\"ListItem\",\"position\":2,\"name\":\"Mentions l\u00e9gales\"}]},{\"@type\":\"WebSite\",\"@id\":\"https:\\\/\\\/yogabrielle.fr\\\/#website\",\"url\":\"https:\\\/\\\/yogabrielle.fr\\\/\",\"name\":\"yogabrielle.fr\",\"description\":\"Le corps et l&#039;esprit\",\"publisher\":{\"@id\":\"https:\\\/\\\/yogabrielle.fr\\\/#organization\"},\"potentialAction\":[{\"@type\":\"SearchAction\",\"target\":{\"@type\":\"EntryPoint\",\"urlTemplate\":\"https:\\\/\\\/yogabrielle.fr\\\/?s={search_term_string}\"},\"query-input\":{\"@type\":\"PropertyValueSpecification\",\"valueRequired\":true,\"valueName\":\"search_term_string\"}}],\"inLanguage\":\"en-US\"},{\"@type\":\"Organization\",\"@id\":\"https:\\\/\\\/yogabrielle.fr\\\/#organization\",\"name\":\"yogabrielle.fr\",\"alternateName\":\"Gabrielle Brousse\",\"url\":\"https:\\\/\\\/yogabrielle.fr\\\/\",\"logo\":{\"@type\":\"ImageObject\",\"inLanguage\":\"en-US\",\"@id\":\"https:\\\/\\\/yogabrielle.fr\\\/#\\\/schema\\\/logo\\\/image\\\/\",\"url\":\"https:\\\/\\\/yogabrielle.fr\\\/wp-content\\\/uploads\\\/2024\\\/04\\\/Logo-yoga-violet-bon.svg\",\"contentUrl\":\"https:\\\/\\\/yogabrielle.fr\\\/wp-content\\\/uploads\\\/2024\\\/04\\\/Logo-yoga-violet-bon.svg\",\"width\":435,\"height\":271,\"caption\":\"yogabrielle.fr\"},\"image\":{\"@id\":\"https:\\\/\\\/yogabrielle.fr\\\/#\\\/schema\\\/logo\\\/image\\\/\"}}]}<\/script>\n<!-- \/ Yoast SEO plugin. -->","yoast_head_json":{"title":"Mentions l\u00e9gales - yogabrielle.fr","description":"D\u00e9couvrez les informations l\u00e9gales concernant le site web de Gabrielle Brousse, professeur de yoga \u00e0 Plo\u00ebrmel.","robots":{"index":"index","follow":"follow","max-snippet":"max-snippet:-1","max-image-preview":"max-image-preview:large","max-video-preview":"max-video-preview:-1"},"canonical":"https:\/\/yogabrielle.fr\/index.php\/mentions-legales-yoga-gabrielle-brousse-ploermel\/","og_locale":"en_US","og_type":"article","og_title":"Mentions l\u00e9gales - yogabrielle.fr","og_description":"D\u00e9couvrez les informations l\u00e9gales concernant le site web de Gabrielle Brousse, professeur de yoga \u00e0 Plo\u00ebrmel.","og_url":"https:\/\/yogabrielle.fr\/index.php\/mentions-legales-yoga-gabrielle-brousse-ploermel\/","og_site_name":"yogabrielle.fr","article_modified_time":"2024-04-12T08:49:49+00:00","og_image":[{"width":1920,"height":1080,"url":"https:\/\/yogabrielle.fr\/wp-content\/uploads\/2024\/04\/yoga-img-header.jpg","type":"image\/jpeg"}],"twitter_card":"summary_large_image","twitter_misc":{"Est. reading time":"1 minute"},"schema":{"@context":"https:\/\/schema.org","@graph":[{"@type":"WebPage","@id":"https:\/\/yogabrielle.fr\/index.php\/mentions-legales-yoga-gabrielle-brousse-ploermel\/","url":"https:\/\/yogabrielle.fr\/index.php\/mentions-legales-yoga-gabrielle-brousse-ploermel\/","name":"Mentions l\u00e9gales - yogabrielle.fr","isPartOf":{"@id":"https:\/\/yogabrielle.fr\/#website"},"primaryImageOfPage":{"@id":"https:\/\/yogabrielle.fr\/index.php\/mentions-legales-yoga-gabrielle-brousse-ploermel\/#primaryimage"},"image":{"@id":"https:\/\/yogabrielle.fr\/index.php\/mentions-legales-yoga-gabrielle-brousse-ploermel\/#primaryimage"},"thumbnailUrl":"https:\/\/yogabrielle.fr\/wp-content\/uploads\/2024\/04\/Logo-yoga-violet-bon.svg","datePublished":"2024-04-03T14:59:01+00:00","dateModified":"2024-04-12T08:49:49+00:00","description":"D\u00e9couvrez les informations l\u00e9gales concernant le site web de Gabrielle Brousse, professeur de yoga \u00e0 Plo\u00ebrmel.","breadcrumb":{"@id":"https:\/\/yogabrielle.fr\/index.php\/mentions-legales-yoga-gabrielle-brousse-ploermel\/#breadcrumb"},"inLanguage":"en-US","potentialAction":[{"@type":"ReadAction","target":["https:\/\/yogabrielle.fr\/index.php\/mentions-legales-yoga-gabrielle-brousse-ploermel\/"]}]},{"@type":"ImageObject","inLanguage":"en-US","@id":"https:\/\/yogabrielle.fr\/index.php\/mentions-legales-yoga-gabrielle-brousse-ploermel\/#primaryimage","url":"https:\/\/yogabrielle.fr\/wp-content\/uploads\/2024\/04\/Logo-yoga-violet-bon.svg","contentUrl":"https:\/\/yogabrielle.fr\/wp-content\/uploads\/2024\/04\/Logo-yoga-violet-bon.svg","width":435,"height":271,"caption":"Logo violet d'une silhouette de femme faisant du yoga."},{"@type":"BreadcrumbList","@id":"https:\/\/yogabrielle.fr\/index.php\/mentions-legales-yoga-gabrielle-brousse-ploermel\/#breadcrumb","itemListElement":[{"@type":"ListItem","position":1,"name":"Accueil","item":"https:\/\/yogabrielle.fr\/"},{"@type":"ListItem","position":2,"name":"Mentions l\u00e9gales"}]},{"@type":"WebSite","@id":"https:\/\/yogabrielle.fr\/#website","url":"https:\/\/yogabrielle.fr\/","name":"yogabrielle.fr","description":"Le corps et l&#039;esprit","publisher":{"@id":"https:\/\/yogabrielle.fr\/#organization"},"potentialAction":[{"@type":"SearchAction","target":{"@type":"EntryPoint","urlTemplate":"https:\/\/yogabrielle.fr\/?s={search_term_string}"},"query-input":{"@type":"PropertyValueSpecification","valueRequired":true,"valueName":"search_term_string"}}],"inLanguage":"en-US"},{"@type":"Organization","@id":"https:\/\/yogabrielle.fr\/#organization","name":"yogabrielle.fr","alternateName":"Gabrielle Brousse","url":"https:\/\/yogabrielle.fr\/","logo":{"@type":"ImageObject","inLanguage":"en-US","@id":"https:\/\/yogabrielle.fr\/#\/schema\/logo\/image\/","url":"https:\/\/yogabrielle.fr\/wp-content\/uploads\/2024\/04\/Logo-yoga-violet-bon.svg","contentUrl":"https:\/\/yogabrielle.fr\/wp-content\/uploads\/2024\/04\/Logo-yoga-violet-bon.svg","width":435,"height":271,"caption":"yogabrielle.fr"},"image":{"@id":"https:\/\/yogabrielle.fr\/#\/schema\/logo\/image\/"}}]}},"_links":{"self":[{"href":"https:\/\/yogabrielle.fr\/index.php\/wp-json\/wp\/v2\/pages\/387","targetHints":{"allow":["GET"]}}],"collection":[{"href":"https:\/\/yogabrielle.fr\/index.php\/wp-json\/wp\/v2\/pages"}],"about":[{"href":"https:\/\/yogabrielle.fr\/index.php\/wp-json\/wp\/v2\/types\/page"}],"author":[{"embeddable":true,"href":"https:\/\/yogabrielle.fr\/index.php\/wp-json\/wp\/v2\/users\/2"}],"replies":[{"embeddable":true,"href":"https:\/\/yogabrielle.fr\/index.php\/wp-json\/wp\/v2\/comments?post=387"}],"version-history":[{"count":83,"href":"https:\/\/yogabrielle.fr\/index.php\/wp-json\/wp\/v2\/pages\/387\/revisions"}],"predecessor-version":[{"id":1517,"href":"https:\/\/yogabrielle.fr\/index.php\/wp-json\/wp\/v2\/pages\/387\/revisions\/1517"}],"wp:featuredmedia":[{"embeddable":true,"href":"https:\/\/yogabrielle.fr\/index.php\/wp-json\/wp\/v2\/media\/1054"}],"wp:attachment":[{"href":"https:\/\/yogabrielle.fr\/index.php\/wp-json\/wp\/v2\/media?parent=387"}],"curies":[{"name":"wp","href":"https:\/\/api.w.org\/{rel}","templated":true}]}}